{"id":2063,"date":"2024-05-05T15:24:42","date_gmt":"2024-05-05T13:24:42","guid":{"rendered":"https:\/\/www.franckdion.net\/voim2020\/?page_id=2063"},"modified":"2024-05-05T15:51:55","modified_gmt":"2024-05-05T13:51:55","slug":"monsieur-cok","status":"publish","type":"page","link":"https:\/\/www.franckdion.net\/voim2020\/monsieur-cok\/","title":{"rendered":"Monsieur COK"},"content":{"rendered":"\t\t<div data-elementor-type=\"wp-page\" data-elementor-id=\"2063\" class=\"elementor elementor-2063\" data-elementor-post-type=\"page\">\n\t\t\t\t\t\t<section class=\"elementor-section elementor-top-section elementor-element elementor-element-7e67e75 elementor-section-boxed elementor-section-height-default elementor-section-height-default\" data-id=\"7e67e75\" data-element_type=\"section\">\n\t\t\t\t\t\t<div class=\"elementor-container elementor-column-gap-default\">\n\t\t\t\t\t<div class=\"elementor-column elementor-col-100 elementor-top-column elementor-element elementor-element-a317fd6\" data-id=\"a317fd6\" data-element_type=\"column\">\n\t\t\t<div class=\"elementor-widget-wrap elementor-element-populated\">\n\t\t\t\t\t\t<div class=\"elementor-element elementor-element-1552399 elementor-widget-divider--view-line elementor-widget elementor-widget-divider\" data-id=\"1552399\" data-element_type=\"widget\" data-widget_type=\"divider.default\">\n\t\t\t\t<div class=\"elementor-widget-container\">\n\t\t\t\t\t<div class=\"elementor-divider\">\n\t\t\t<span class=\"elementor-divider-separator\">\n\t\t\t\t\t\t<\/span>\n\t\t<\/div>\n\t\t\t\t<\/div>\n\t\t\t\t<\/div>\n\t\t\t\t<div class=\"elementor-element elementor-element-9d34273 elementor-widget elementor-widget-heading\" data-id=\"9d34273\" data-element_type=\"widget\" data-widget_type=\"heading.default\">\n\t\t\t\t<div class=\"elementor-widget-container\">\n\t\t\t<h4 class=\"elementor-heading-title elementor-size-default\">Monsieur COK<\/h4>\t\t<\/div>\n\t\t\t\t<\/div>\n\t\t\t\t<div class=\"elementor-element elementor-element-73bc049 elementor-widget-divider--view-line elementor-widget elementor-widget-divider\" data-id=\"73bc049\" data-element_type=\"widget\" data-widget_type=\"divider.default\">\n\t\t\t\t<div class=\"elementor-widget-container\">\n\t\t\t\t\t<div class=\"elementor-divider\">\n\t\t\t<span class=\"elementor-divider-separator\">\n\t\t\t\t\t\t<\/span>\n\t\t<\/div>\n\t\t\t\t<\/div>\n\t\t\t\t<\/div>\n\t\t\t\t\t<\/div>\n\t\t<\/div>\n\t\t\t\t\t<\/div>\n\t\t<\/section>\n\t\t\t\t<section class=\"elementor-section elementor-top-section elementor-element elementor-element-79d07cd elementor-section-boxed elementor-section-height-default elementor-section-height-default\" data-id=\"79d07cd\" data-element_type=\"section\">\n\t\t\t\t\t\t<div class=\"elementor-container elementor-column-gap-default\">\n\t\t\t\t\t<div class=\"elementor-column elementor-col-100 elementor-top-column elementor-element elementor-element-22008b6\" data-id=\"22008b6\" data-element_type=\"column\">\n\t\t\t<div class=\"elementor-widget-wrap elementor-element-populated\">\n\t\t\t\t\t\t<section class=\"elementor-section elementor-inner-section elementor-element elementor-element-a4c6e1f elementor-section-boxed elementor-section-height-default elementor-section-height-default\" data-id=\"a4c6e1f\" data-element_type=\"section\">\n\t\t\t\t\t\t<div class=\"elementor-container elementor-column-gap-default\">\n\t\t\t\t\t<div class=\"elementor-column elementor-col-50 elementor-inner-column elementor-element elementor-element-5f7f6fb\" data-id=\"5f7f6fb\" data-element_type=\"column\">\n\t\t\t<div class=\"elementor-widget-wrap elementor-element-populated\">\n\t\t\t\t\t\t<div class=\"elementor-element elementor-element-e9e9022 elementor-widget elementor-widget-image\" data-id=\"e9e9022\" data-element_type=\"widget\" data-widget_type=\"image.default\">\n\t\t\t\t<div class=\"elementor-widget-container\">\n\t\t\t\t\t\t\t\t\t\t\t\t\t<img decoding=\"async\" src=\"https:\/\/www.franckdion.net\/voim2020\/wp-content\/uploads\/2021\/01\/cok_poster.jpg\" title=\"cok_poster\" alt=\"cok_poster\" loading=\"lazy\" \/>\t\t\t\t\t\t\t\t\t\t\t\t\t<\/div>\n\t\t\t\t<\/div>\n\t\t\t\t\t<\/div>\n\t\t<\/div>\n\t\t\t\t<div class=\"elementor-column elementor-col-50 elementor-inner-column elementor-element elementor-element-d3edd8c\" data-id=\"d3edd8c\" data-element_type=\"column\">\n\t\t\t<div class=\"elementor-widget-wrap elementor-element-populated\">\n\t\t\t\t\t\t<div class=\"elementor-element elementor-element-8456157 elementor-drop-cap-yes elementor-drop-cap-view-default elementor-widget elementor-widget-text-editor\" data-id=\"8456157\" data-element_type=\"widget\" data-settings=\"{&quot;drop_cap&quot;:&quot;yes&quot;}\" data-widget_type=\"text-editor.default\">\n\t\t\t\t<div class=\"elementor-widget-container\">\n\t\t\t\t\t\t\t<p>Monsieur COK est le propri\u00e9taire d&rsquo;une grande usine de fabrication d&rsquo;obus. Sa passion pour le rendement et son go\u00fbt du profit le conduisent \u00e0 remplacer ses employ\u00e9s par des automates tr\u00e8s perfectionn\u00e9s. R\u00e9sign\u00e9s les anciens ouvriers assistent impuissants au labeur de leurs rempla\u00e7ants m\u00e9caniques. Mais cela ne va pas sans susciter la col\u00e8re de l&rsquo;un d&rsquo;entre eux&#8230;<\/p><p>Voir le film : <a href=\"https:\/\/vimeo.com\/franckdion\/httpvimeocommonsieurcok\" target=\"_blank\" rel=\"noopener\">Sans dialogues<\/a><\/p><p>2008 \/ 10 minutes \/ Papy3d productions &#8211; Pictanovo &#8211; Canal + &#8211; CNC<\/p><p>Achev\u00e9 en janvier 2008. Il s&rsquo;agit du premier film produit par Papy3d productions. Diffus\u00e9 dans de nombreux festivals dont le prestigieux Sundance film festival, le film \u00e0 re\u00e7u de nombreuses distinctions.<\/p>\t\t\t\t\t\t<\/div>\n\t\t\t\t<\/div>\n\t\t\t\t\t<\/div>\n\t\t<\/div>\n\t\t\t\t\t<\/div>\n\t\t<\/section>\n\t\t\t\t\t<\/div>\n\t\t<\/div>\n\t\t\t\t\t<\/div>\n\t\t<\/section>\n\t\t\t\t<section class=\"elementor-section elementor-top-section elementor-element elementor-element-5b3959d elementor-section-boxed elementor-section-height-default elementor-section-height-default\" data-id=\"5b3959d\" data-element_type=\"section\">\n\t\t\t\t\t\t<div class=\"elementor-container elementor-column-gap-default\">\n\t\t\t\t\t<div class=\"elementor-column elementor-col-100 elementor-top-column elementor-element elementor-element-3ecc629\" data-id=\"3ecc629\" data-element_type=\"column\">\n\t\t\t<div class=\"elementor-widget-wrap elementor-element-populated\">\n\t\t\t\t\t\t<div class=\"elementor-element elementor-element-395778b elementor-widget elementor-widget-text-editor\" data-id=\"395778b\" data-element_type=\"widget\" data-widget_type=\"text-editor.default\">\n\t\t\t\t<div class=\"elementor-widget-container\">\n\t\t\t\t\t\t\t<p>Monsieur COK est une fable des temps modernes qui nous raconte les agissements d\u2019un monstre \u00e0 l\u2019apparence grotesque et d\u00e9bonnaire. Ses babillements de nourrissons et son sourire m\u00e9lancolique contraste avec la violence de ses actes. Violence d\u2019autant plus terrifiante qu\u2019elle n\u2019\u00e9meut presque personne except\u00e9 le personnage au foulard rouge qui, lui, nous appara\u00eet comme antipathique, gueulard et violent \u2026<br \/>C\u2019est de cette tromperie des apparences que s\u2019amuse le r\u00e9cit, de cette mani\u00e8re qu\u2019a l\u2019opinion publique d\u2019admirer les salauds parce que leur r\u00e9ussite nous fait r\u00eaver. Toutes ressemblances avec des personnages connus ne seraient pas fortuites du tout !<\/p><p>Franck Dion<\/p>\t\t\t\t\t\t<\/div>\n\t\t\t\t<\/div>\n\t\t\t\t\t<\/div>\n\t\t<\/div>\n\t\t\t\t\t<\/div>\n\t\t<\/section>\n\t\t\t\t<\/div>\n\t\t","protected":false},"excerpt":{"rendered":"<p>Monsieur COK Monsieur COK est le propri\u00e9taire d&rsquo;une grande usine de fabrication d&rsquo;obus. Sa passion pour le rendement et son go\u00fbt du profit le conduisent \u00e0 remplacer ses employ\u00e9s par des automates tr\u00e8s perfectionn\u00e9s. R\u00e9sign\u00e9s les anciens ouvriers assistent impuissants au labeur de leurs rempla\u00e7ants m\u00e9caniques. Mais cela ne va pas sans susciter la col\u00e8re [&hellip;]<\/p>\n","protected":false},"author":1,"featured_media":0,"parent":0,"menu_order":0,"comment_status":"closed","ping_status":"closed","template":"","meta":{"footnotes":""},"class_list":["post-2063","page","type-page","status-publish","hentry"],"yoast_head":"<!-- This site is optimized with the Yoast SEO plugin v22.4 - https:\/\/yoast.com\/wordpress\/plugins\/seo\/ -->\n<title>Monsieur COK - Les voyages imaginaires de Franck Dion<\/title>\n<meta name=\"robots\" content=\"index, follow, max-snippet:-1, max-image-preview:large, max-video-preview:-1\" \/>\n<link rel=\"canonical\" href=\"https:\/\/www.franckdion.net\/voim2020\/monsieur-cok\/\" \/>\n<meta property=\"og:locale\" content=\"fr_FR\" \/>\n<meta property=\"og:type\" content=\"article\" \/>\n<meta property=\"og:title\" content=\"Monsieur COK - Les voyages imaginaires de Franck Dion\" \/>\n<meta property=\"og:description\" content=\"Monsieur COK Monsieur COK est le propri\u00e9taire d&rsquo;une grande usine de fabrication d&rsquo;obus. Sa passion pour le rendement et son go\u00fbt du profit le conduisent \u00e0 remplacer ses employ\u00e9s par des automates tr\u00e8s perfectionn\u00e9s. R\u00e9sign\u00e9s les anciens ouvriers assistent impuissants au labeur de leurs rempla\u00e7ants m\u00e9caniques. Mais cela ne va pas sans susciter la col\u00e8re [&hellip;]\" \/>\n<meta property=\"og:url\" content=\"https:\/\/www.franckdion.net\/voim2020\/monsieur-cok\/\" \/>\n<meta property=\"og:site_name\" content=\"Les voyages imaginaires de Franck Dion\" \/>\n<meta property=\"article:publisher\" content=\"https:\/\/www.facebook.com\/voimfranckdion\" \/>\n<meta property=\"article:modified_time\" content=\"2024-05-05T13:51:55+00:00\" \/>\n<meta property=\"og:image\" content=\"http:\/\/www.franckdion.net\/voim2020\/wp-content\/uploads\/elementor\/thumbs\/cok_poster-p1x9l8ykzj5v3wrkvki5pzdlcuqkkal04x7ux2ornm.jpg\" \/>\n<meta name=\"twitter:card\" content=\"summary_large_image\" \/>\n<meta name=\"twitter:label1\" content=\"Dur\u00e9e de lecture estim\u00e9e\" \/>\n\t<meta name=\"twitter:data1\" content=\"2 minutes\" \/>\n<script type=\"application\/ld+json\" class=\"yoast-schema-graph\">{\"@context\":\"https:\/\/schema.org\",\"@graph\":[{\"@type\":\"WebPage\",\"@id\":\"https:\/\/www.franckdion.net\/voim2020\/monsieur-cok\/\",\"url\":\"https:\/\/www.franckdion.net\/voim2020\/monsieur-cok\/\",\"name\":\"Monsieur COK - Les voyages imaginaires de Franck Dion\",\"isPartOf\":{\"@id\":\"https:\/\/www.franckdion.net\/voim2020\/#website\"},\"primaryImageOfPage\":{\"@id\":\"https:\/\/www.franckdion.net\/voim2020\/monsieur-cok\/#primaryimage\"},\"image\":{\"@id\":\"https:\/\/www.franckdion.net\/voim2020\/monsieur-cok\/#primaryimage\"},\"thumbnailUrl\":\"http:\/\/www.franckdion.net\/voim2020\/wp-content\/uploads\/elementor\/thumbs\/cok_poster-p1x9l8ykzj5v3wrkvki5pzdlcuqkkal04x7ux2ornm.jpg\",\"datePublished\":\"2024-05-05T13:24:42+00:00\",\"dateModified\":\"2024-05-05T13:51:55+00:00\",\"breadcrumb\":{\"@id\":\"https:\/\/www.franckdion.net\/voim2020\/monsieur-cok\/#breadcrumb\"},\"inLanguage\":\"fr-FR\",\"potentialAction\":[{\"@type\":\"ReadAction\",\"target\":[\"https:\/\/www.franckdion.net\/voim2020\/monsieur-cok\/\"]}]},{\"@type\":\"ImageObject\",\"inLanguage\":\"fr-FR\",\"@id\":\"https:\/\/www.franckdion.net\/voim2020\/monsieur-cok\/#primaryimage\",\"url\":\"http:\/\/www.franckdion.net\/voim2020\/wp-content\/uploads\/elementor\/thumbs\/cok_poster-p1x9l8ykzj5v3wrkvki5pzdlcuqkkal04x7ux2ornm.jpg\",\"contentUrl\":\"http:\/\/www.franckdion.net\/voim2020\/wp-content\/uploads\/elementor\/thumbs\/cok_poster-p1x9l8ykzj5v3wrkvki5pzdlcuqkkal04x7ux2ornm.jpg\"},{\"@type\":\"BreadcrumbList\",\"@id\":\"https:\/\/www.franckdion.net\/voim2020\/monsieur-cok\/#breadcrumb\",\"itemListElement\":[{\"@type\":\"ListItem\",\"position\":1,\"name\":\"Accueil\",\"item\":\"https:\/\/www.franckdion.net\/voim2020\/\"},{\"@type\":\"ListItem\",\"position\":2,\"name\":\"Monsieur COK\"}]},{\"@type\":\"WebSite\",\"@id\":\"https:\/\/www.franckdion.net\/voim2020\/#website\",\"url\":\"https:\/\/www.franckdion.net\/voim2020\/\",\"name\":\"Les voyages imaginaires de Franck Dion\",\"description\":\"R\u00e9alisateur, Illustrateur, Touriste immobile\",\"potentialAction\":[{\"@type\":\"SearchAction\",\"target\":{\"@type\":\"EntryPoint\",\"urlTemplate\":\"https:\/\/www.franckdion.net\/voim2020\/?s={search_term_string}\"},\"query-input\":\"required name=search_term_string\"}],\"inLanguage\":\"fr-FR\"}]}<\/script>\n<!-- \/ Yoast SEO plugin. -->","yoast_head_json":{"title":"Monsieur COK - Les voyages imaginaires de Franck Dion","robots":{"index":"index","follow":"follow","max-snippet":"max-snippet:-1","max-image-preview":"max-image-preview:large","max-video-preview":"max-video-preview:-1"},"canonical":"https:\/\/www.franckdion.net\/voim2020\/monsieur-cok\/","og_locale":"fr_FR","og_type":"article","og_title":"Monsieur COK - Les voyages imaginaires de Franck Dion","og_description":"Monsieur COK Monsieur COK est le propri\u00e9taire d&rsquo;une grande usine de fabrication d&rsquo;obus. Sa passion pour le rendement et son go\u00fbt du profit le conduisent \u00e0 remplacer ses employ\u00e9s par des automates tr\u00e8s perfectionn\u00e9s. R\u00e9sign\u00e9s les anciens ouvriers assistent impuissants au labeur de leurs rempla\u00e7ants m\u00e9caniques. Mais cela ne va pas sans susciter la col\u00e8re [&hellip;]","og_url":"https:\/\/www.franckdion.net\/voim2020\/monsieur-cok\/","og_site_name":"Les voyages imaginaires de Franck Dion","article_publisher":"https:\/\/www.facebook.com\/voimfranckdion","article_modified_time":"2024-05-05T13:51:55+00:00","og_image":[{"url":"http:\/\/www.franckdion.net\/voim2020\/wp-content\/uploads\/elementor\/thumbs\/cok_poster-p1x9l8ykzj5v3wrkvki5pzdlcuqkkal04x7ux2ornm.jpg"}],"twitter_card":"summary_large_image","twitter_misc":{"Dur\u00e9e de lecture estim\u00e9e":"2 minutes"},"schema":{"@context":"https:\/\/schema.org","@graph":[{"@type":"WebPage","@id":"https:\/\/www.franckdion.net\/voim2020\/monsieur-cok\/","url":"https:\/\/www.franckdion.net\/voim2020\/monsieur-cok\/","name":"Monsieur COK - Les voyages imaginaires de Franck Dion","isPartOf":{"@id":"https:\/\/www.franckdion.net\/voim2020\/#website"},"primaryImageOfPage":{"@id":"https:\/\/www.franckdion.net\/voim2020\/monsieur-cok\/#primaryimage"},"image":{"@id":"https:\/\/www.franckdion.net\/voim2020\/monsieur-cok\/#primaryimage"},"thumbnailUrl":"http:\/\/www.franckdion.net\/voim2020\/wp-content\/uploads\/elementor\/thumbs\/cok_poster-p1x9l8ykzj5v3wrkvki5pzdlcuqkkal04x7ux2ornm.jpg","datePublished":"2024-05-05T13:24:42+00:00","dateModified":"2024-05-05T13:51:55+00:00","breadcrumb":{"@id":"https:\/\/www.franckdion.net\/voim2020\/monsieur-cok\/#breadcrumb"},"inLanguage":"fr-FR","potentialAction":[{"@type":"ReadAction","target":["https:\/\/www.franckdion.net\/voim2020\/monsieur-cok\/"]}]},{"@type":"ImageObject","inLanguage":"fr-FR","@id":"https:\/\/www.franckdion.net\/voim2020\/monsieur-cok\/#primaryimage","url":"http:\/\/www.franckdion.net\/voim2020\/wp-content\/uploads\/elementor\/thumbs\/cok_poster-p1x9l8ykzj5v3wrkvki5pzdlcuqkkal04x7ux2ornm.jpg","contentUrl":"http:\/\/www.franckdion.net\/voim2020\/wp-content\/uploads\/elementor\/thumbs\/cok_poster-p1x9l8ykzj5v3wrkvki5pzdlcuqkkal04x7ux2ornm.jpg"},{"@type":"BreadcrumbList","@id":"https:\/\/www.franckdion.net\/voim2020\/monsieur-cok\/#breadcrumb","itemListElement":[{"@type":"ListItem","position":1,"name":"Accueil","item":"https:\/\/www.franckdion.net\/voim2020\/"},{"@type":"ListItem","position":2,"name":"Monsieur COK"}]},{"@type":"WebSite","@id":"https:\/\/www.franckdion.net\/voim2020\/#website","url":"https:\/\/www.franckdion.net\/voim2020\/","name":"Les voyages imaginaires de Franck Dion","description":"R\u00e9alisateur, Illustrateur, Touriste immobile","potentialAction":[{"@type":"SearchAction","target":{"@type":"EntryPoint","urlTemplate":"https:\/\/www.franckdion.net\/voim2020\/?s={search_term_string}"},"query-input":"required name=search_term_string"}],"inLanguage":"fr-FR"}]}},"_links":{"self":[{"href":"https:\/\/www.franckdion.net\/voim2020\/wp-json\/wp\/v2\/pages\/2063","targetHints":{"allow":["GET"]}}],"collection":[{"href":"https:\/\/www.franckdion.net\/voim2020\/wp-json\/wp\/v2\/pages"}],"about":[{"href":"https:\/\/www.franckdion.net\/voim2020\/wp-json\/wp\/v2\/types\/page"}],"author":[{"embeddable":true,"href":"https:\/\/www.franckdion.net\/voim2020\/wp-json\/wp\/v2\/users\/1"}],"replies":[{"embeddable":true,"href":"https:\/\/www.franckdion.net\/voim2020\/wp-json\/wp\/v2\/comments?post=2063"}],"version-history":[{"count":6,"href":"https:\/\/www.franckdion.net\/voim2020\/wp-json\/wp\/v2\/pages\/2063\/revisions"}],"predecessor-version":[{"id":2169,"href":"https:\/\/www.franckdion.net\/voim2020\/wp-json\/wp\/v2\/pages\/2063\/revisions\/2169"}],"wp:attachment":[{"href":"https:\/\/www.franckdion.net\/voim2020\/wp-json\/wp\/v2\/media?parent=2063"}],"curies":[{"name":"wp","href":"https:\/\/api.w.org\/{rel}","templated":true}]}}